inder when 6 is divided by h/(-44) - (-20)/11.
0
Suppose 3*v - v = 0. Suppose -i + v = -8. Suppose -a - 2*q = -22, a - 22 = 2*q - q. What is the remainder when a is divided by i?
6
Suppose 5*k - 47 = p, 2*k + 5*p = k - 1. What is the remainder when -2 - ((-8)/12)/((-4)/(-222)) is divided by k?
8
Suppose -18 = 3*s - 3*d, 3*s + 12 = 4*d - 10. Let f = s - -8. What is the remainder when 16 is divided by f?
4
Let z = 32 - 20. What is the remainder when 15 is divided by z?
3
Let p = 32 - 14. What is the remainder when 11 is divided by 2/(-6)*p/(-1)?
5
Let q(s) = 9*s**2 - s - 2. Let i = -22 - -21. What is the remainder when 15 is divided by q(i)?
7
Let a(p) = p**3 - 5*p**2 - 6*p. What is the remainder when a(7) is divided by 30?
26
Let j = 7 - 5. Suppose -3*q = 3 + 12, 0 = -3*h - j*q + 140. What is the remainder when h is divided by 17?
16
Calculate the remainder when 2/3 - (-28)/12 is divided by 1.
0
Suppose 0 = -3*q + 5*q - 62. Calculate the remainder when 184 is divided by q.
29
Suppose 3*l + 4*j = 9, -41 = 4*l - 9*l + 2*j. Suppose -10 = -4*t + 2. What is the remainder when l is divided by t?
1
Let o(w) = -2*w**3 - 24*w**2 - 12*w + 29. What is the remainder when o(-12) is divided by 16?
13
Let l be (6/5)/((-1)/(-5)). Suppose -h + 24 = 4*n - 4*h, -2*h + l = n. Let q = n - 2. What is the remainder when 6 is divided by q?
2
Let u(b) = -b**3 - 5*b**2 + 8*b + 7. What is the remainder when u(-7) is divided by 17?
15
Calculate the remainder when 37 + -5*(-1)/5 is divided by 10.
8
Let r be 1 - -1*(-23 - 0). Let z = -19 + 9. What is the remainder when 15/z*r/3 is divided by 4?
3
Calculate the remainder when ((-2)/(-2))/(1/8) is divided by 5.
3
Let l = 78 + -37. Calculate the remainder when 157 is divided by l.
34
Calculate the remainder when (15/(-3))/((-8)/152) is divided by 16.
15
Let t(o) = o**2 + 6*o. Let i(x) = -x**2 - 2*x + 2. Let d be i(-4). Let u be t(d). Let y = 2 + u. What is the remainder when y is divided by 1?
0
Suppose 3*y - 18 = -15. Calculate the remainder when 4 is divided by y.
0
Suppose 9*y = 232 + 137. Suppose 3*u + 3*r = u - 2, 5*r = 4*u - 18. Suppose 0 = s + u*s - 42. What is the remainder when y is divided by s?
13
Let l = 30 + -9. Let w be 8/6*(-6)/(-2). Suppose w*r = 188 - 28. What is the remainder when r is divided by l?
19
Let i = 29 + 90. What is the remainder when i is divided by 20?
19
What is the remainder when ((-23)/(-2))/((-3)/(-6)) is divided by 5/15 + (-23)/(-3)?
7
Suppose -4*x = -2*x - 36. Calculate the remainder when 34 is divided by x.
16
Let y = 2 + 1. Calculate the remainder when 8 is divided by y.
2
Let n = 13 - 4. What is the remainder when 15 is divided by n?
6
Let t(m) = -2*m + 66. Calculate the remainder when t(0) is divided by 36.
30
Let h(y) = -y - 5. Let l be h(5). Let s = -6 - l. Suppose -3*j - s + 13 = 0. What is the remainder when 5 is divided by j?
2
Let j = -34 + 110. What is the remainder when j is divided by 26?
24
Suppose 3*c - 2*c = 3. Suppose -c*a - 6*g + 2*g + 67 = 0, 3*g = 4*a - 56. Suppose -15*n = -19*n + 200. Calculate the remainder when n is divided by a.
16
Let g be ((-12)/8)/((-2)/4). Suppose 0 = -g*q + 9. Suppose q*t = -0*t + 6. Calculate the remainder when 3 is divided by t.
1
Suppose f = 2*y - 0*f + 11, -y - 3*f = -5. Let h = -2 + y. Let v = h + 27. What is the remainder when v is divided by 12?
9
Suppose 56 = 5*d + 41. Let k be 2 + (0 - (0 + 2)). What is the remainder when (k - -1)*(-18)/(-2) is divided by d?
0
Calculate the remainder when 30 is divided by 17 - 0*(-3)/(-12).
13
Let a(l) = -l + 15. Suppose q - 25 = -4*q. What is the remainder when q is divided by a(12)?
2
Let x(v) = v + 6. Let m be x(-5). Let z be (-3)/3 + 11*1. What is the remainder when 8 is divided by z/2 - (3 - m)?
2
Let o(i) = 3*i - 4*i - 3*i**2 + 8 + i**3 + 2*i**2. What is the remainder when 23 is divided by o(0)?
7
Suppose 0 = -4*v - 6 + 2. Let r be 1 + (v + 1)/1. Suppose t - j = -6*j - r, 0 = -5*j - 5. Calculate the remainder when 6 is divided by t.
2
Suppose 7*c - 3*c = 216. Let z = -26 + 40. What is the remainder when c is divided by z?
12
Let d(l) = -l - 1. Let a be d(-6). Suppose f - 34 = -3*t - f, a*t = f + 48. Calculate the remainder when 4/10 + (-176)/(-10) is divided by t.
8
Let x(j) = -j**3 - 4*j**2 - 4*j + 4. Let l = 98 + -41. What is the remainder when l is divided by x(-4)?
17
Let c(l) = 9*l**2 - 2*l + 1. Let z(v) = -v**2 - 10*v + 1. Let t be z(-10). Calculate the remainder when 22 is divided by c(t).
6
Suppose z - 5 = 2. Let v be ((-9)/(-12))/((-3)/(-12)). Suppose z*b - v*b = 20. What is the remainder when b is divided by 3?
2
Suppose -39 = 5*s + 6. Let o = 17 + s. Let u = 14 - o. What is the remainder when 11 is divided by u?
5
Let b be -6*(0 - (-3)/(-6)). Let h = 8 - b. Suppose 4*r = -h*a + 2*r + 58, -5*r + 50 = 3*a. What is the remainder when 19 is divided by a?
9
Suppose 2*p = -2*p + 80. Suppose 0 = -k - 5 - 0. Let m = 12 + k. What is the remainder when p is divided by m?
6
Suppose -u = 5*p - 121, p + 4*u + 116 = 6*p. Suppose 5*t + p = 144. Calculate the remainder when t is divided by 13.
11
Let o(j) = j**3 - 5*j**2 - 4*j + 1. Calculate the remainder when o(6) is divided by 7.
6
Let k be 4 + 0 - (2 + -2). Suppose -3*z = u - 21, z - k*z = -15. Suppose 3*j - 5*j = -u. Calculate the remainder when 8 is divided by j.
2
Suppose 4*k - 182 = n, 3*k + 49 = -2*n + 180. Calculate the remainder when k is divided by 8.
5
Suppose 0 = -x - 3*x + 72. Calculate the remainder when 70 is divided by x.
16
Suppose w - 3*w - 3*z = -49, 3*z = -15. What is the remainder when w is divided by 4?
0
Let v be 1*2*(-2 + 3). Suppose -m = 0, -2*o - v*m = 2*o - 32. Suppose -2*h + 3*h = 23. What is the remainder when h is divided by o?
7
Suppose 0 = 3*x + 3*b - 12, 2*x - 4*b = b + 8. Let u(g) = g**3 - g**2 + g - 4. Let t be u(0). Let v = x - t. What is the remainder when 22 is divided by v?
6
Let o(w) = -w + 5. Let g(b) = -b - 4. Let m be g(0). What is the remainder when (-2)/8 - (-101)/4 is divided by o(m)?
7
Let r = 5 - 1. What is the remainder when r is divided by 2?
0
Let o = -55 - -74. What is the remainder when o is divided by 7?
5
Suppose -5*j + 3 = 13. What is the remainder when 65 is divided by (-2)/j - (-6 - 15)?
21
Let j(o) = 2*o. Let x be j(-2). Let y = x - -7. Suppose q + 3*v - 3 = -q, 3*q - y = -5*v. Calculate the remainder when 10 is divided by q.
4
Let t be 1/((4/(-2))/(-190)). Suppose 0 = -2*m + 11 + t. Calculate the remainder when m is divided by 11.
9
Let y(p) = p**2 - 3*p + 3. Let j be y(3). Let i = j + 0. What is the remainder when 4 is divided by i?
1
Suppose 2*n - 57 + 9 = 0. Calculate the remainder when (n/5)/(15/50) is divided by 6.
4
Suppose -2*t = -7*t + 60. What is the remainder when 20 - (t/1)/4 is divided by 9?
8
Suppose -4 + 109 = 3*j. Let q be (-114)/(-8) - (-9)/12. Calculate the remainder when j is divided by -1 + (q - 2)/1.
11
Suppose -8*j + 558 = 10*j. What is the remainder when (2/2)/(1/121) is divided by j?
28
Let w be (-1)/(-2)*(-48)/6. Let f(h) = -h**3 - 2*h**2 - 1. What is the remainder when f(w) is divided by 11?
9
Let h = 12 - 6. Suppose q + 19 = 6*w - 5*w, 4*q = 5*w - 97. What is the remainder when w is divided by h?
3
Suppose 0*t - 30 = -4*a - 2*t, t = -5*a + 33. Suppose 6*k - 38 = 22. What is the remainder when k is divided by a?
4
Let q be 2/(-8) + (-114)/(-8). Suppose 2*w - 3*w = -q. Calculate the remainder when 40 is divided by w.
12
Let v = -144 - -171. What is the remainder when 70 is divided by v?
16
Let c be ((-2)/(-4))/((-1)/(-8)). Let o = c - -8. Suppose 4*l = 6*l - 14. Calculate the remainder when o is divided by l.
5
Suppose -4*x = 5*n - 172 + 67, 5*x = n + 8. Suppose -12 = 4*f - 7*f. Suppose -6 = -f*j + 3*j. What is the remainder when n is divided by j?
5
What is the remainder when ((-161)/126 - 4/18)*-4 is divided by 2?
0
Suppose 2*l + 4*k - 10 = 0, -5*l = -l - 4*k - 20. Calculate the remainder when 24 is divided by l.
4
Let a(f) = -f**2 - 11*f + 37. Suppose 0 = -o + 2*o - 4. What is the remainder when a(-13) is divided by o?
3
Suppose -2*x + 6 = -0. What is the remainder when ((-102)/8)/((-18)/24) is divided by ((-2)/3)/(x/(-27))?
5
Let t(z) = -z**3 + 6*z**2 - 8*z + 8. Let n be t(6). Let c = 78 + n. Let l(s) = s**2 + 4*s - 1. Calculate the remainder when c is divided